of 333928419.
3, 11, 919913
What are the prime factors of 2052270558?
2, 3, 13, 53, 165479
List the prime factors of 75712856.
2, 613, 15439
List the prime factors of 24569775.
3, 5, 109199
What are the prime factors of 4378624813?
11149, 392737
List the prime factors of 56345511.
3, 1283, 14639
What are the prime factors of 51700622?
2, 31, 653, 1277
What are the prime factors of 266529919?
266529919
What are the prime factors of 1938740325?
3, 5, 25849871
List the prime factors of 69470228.
2, 17, 1021621
List the prime factors of 35506984.
2, 41, 103, 1051
List the prime factors of 1050573801.
3, 350191267
What are the prime factors of 19521372?
2, 3, 13, 17, 433
What are the prime factors of 56247867?
3, 13, 107, 4493
List the prime factors of 321153914.
2, 47, 67, 50993
List the prime factors of 1408533350.
2, 5, 7, 157, 25633
List the prime factors of 183589.
7, 26227
List the prime factors of 145359167.
145359167
List the prime factors of 1026070082.
2, 2377, 215833
List the prime factors of 200978933.
3823, 52571
What are the prime factors of 127689911?
127689911
List the prime factors of 147470070.
2, 3, 5, 11, 17, 97, 271
List the prime factors of 10229231.
10229231
What are the prime factors of 1920579208?
2, 31, 7744271
List the prime factors of 2355948821.
8369, 281509
What are the prime factors of 1212970953?
3, 16619, 24329
What are the prime factors of 602823305?
5, 7, 17223523
What are the prime factors of 2596165412?
2, 649041353
List the prime factors of 193692123.
3, 31, 47, 14771
List the prime factors of 16160188.
2, 11, 367277
List the prime factors of 24857480.
2, 5, 23, 41, 659
What are the prime factors of 275919497?
7, 1723, 22877
What are the prime factors of 375300331?
7, 19, 2821807
List the prime factors of 3071778151.
13, 71, 3328037
List the prime factors of 2771519518.
2, 593, 2336863
What are the prime factors of 81587458?
2, 41, 53, 18773
List the prime factors of 42193983.
3, 13, 17, 23, 2767
What are the prime factors of 55925148?
2, 3, 41, 197, 577
List the prime factors of 24713899.
7, 503, 7019
List the prime factors of 246085574.
2, 7, 17, 71, 14563
What are the prime factors of 60974153?
29, 2102557
What are the prime factors of 32567412?
2, 3, 61, 44491
What are the prime factors of 8273376?
2, 3, 23, 1249
List the prime factors of 94301712.
2, 3, 19, 11489
What are the prime factors of 1041532988?
2, 260383247
List the prime factors of 14503992.
2, 3, 17, 19, 1871
What are the prime factors of 264245786?
2, 7, 37, 510127
What are the prime factors of 6879885?
3, 5, 61, 73, 103
List the prime factors of 1374084.
2, 3, 4241
List the prime factors of 109572032.
2, 109, 113, 139
What are the prime factors of 446745413?
257, 421, 4129
What are the prime factors of 79774408?
2, 7, 31, 45953
List the prime factors of 124183652.
2, 1933, 16061
List the prime factors of 57841454.
2, 11, 613, 4289
What are the prime factors of 2580758596?
2, 13, 49629973
What are the prime factors of 1584773196?
2, 3, 31, 37, 97, 1187
List the prime factors of 108290304.
2, 3, 15667
What are the prime factors of 162259565?
5, 13, 139, 17959
What are the prime factors of 90515980?
2, 5, 4525799
List the prime factors of 65784480.
2, 3, 5, 31, 4421
List the prime factors of 2011766164.
2, 502941541
List the prime factors of 1123289385.
3, 5, 74885959
List the prime factors of 74562911.
157, 474923
List the prime factors of 2669941977.
3, 2713, 328043
What are the prime factors of 1142103462?
2, 3, 29, 41, 160093
What are the prime factors of 603967345?
5, 19, 83, 76597
List the prime factors of 785105226.
2, 3, 29, 1504033
What are the prime factors of 50662857?
3, 7, 383, 6299
What are the prime factors of 395259024?
2, 3, 41, 200843
What are the prime factors of 208629399?
3, 11, 6322103
What are the prime factors of 1323244844?
2, 17, 19459483
List the prime factors of 3192106802.
2, 47, 33958583
What are the prime factors of 7985396967?
3, 61, 43636049
What are the prime factors of 96886912?
2, 29, 43, 607
What are the prime factors of 3677857943?
56909, 64627
List the prime factors of 1041712686.
2, 3, 7, 8267561
What are the prime factors of 1157481069?
3, 31, 12446033
What are the prime factors of 32856807?
3, 31, 47, 7517
What are the prime factors of 2028106839?
3, 11, 3019, 20357
List the prime factors of 202698027.
3, 7, 3217429
What are the prime factors of 14247339?
3, 2003, 2371
What are the prime factors of 1391557691?
661, 2105231
List the prime factors of 70167440.
2, 5, 7, 125299
List the prime factors of 833211581.
833211581
What are the prime factors of 829341968?
2, 7, 13, 569603
What are the prime factors of 39092308?
2, 9773077
What are the prime factors of 1030665746?
2, 11, 89, 526387
List the prime factors of 9801886.
2, 4900943
What are the prime factors of 391566694?
2, 3637, 53831
What are the prime factors of 16709062?
2, 17, 31, 83, 191
What are the prime factors of 354219199?
89, 197, 227
List the prime factors of 1165940072.
2, 11, 13249319
List the prime factors of 2925080746.
2, 7, 208934339
List the prime factors of 144336906.
2, 3, 7, 47, 24373
What are the prime factors of 2558393472?
2, 3, 19, 350657
What are the prime factors of 3616128818?
2, 1489, 1214281
List the prime factors of 58463411.
397, 147263
What are the prime factors of 1218935867?
34687, 35141
What are the prime factors of 2832241581?
3, 13, 251, 96443
What are the prime factors of 132779894?
2, 13, 17, 41, 431
What are the prime factors of 444351560?
2, 5, 3323, 3343
What are the prime factors of 370719532?
2, 89, 347, 3001
What are the prime factors of 202045057?
47, 421, 10211
What are the prime factors of 133094983?
7, 757, 25117
What are the prime factors of 1593544953?
3, 7, 11, 13, 19, 2539
List the prime factors of 378064055.
5, 75612811
List the prime factors of 289849327.
9619, 30133
List the prime factors of 4697707047.
3, 11, 31, 4592089
List the prime factors of 125668590.
2, 3, 5, 17, 239, 1031
List the prime factors of 3529138348.
2, 53, 16646879
What are the prime factors of 1121628465?
3, 5, 17, 23, 787
List the prime factors of 238735742.
2, 7, 43, 181, 313
What are the prime factors of 1378247234?
2, 7, 13, 1399, 5413
List the prime factors of 3185592918.
2, 3, 530932153
What are the prime factors of 23132156?
2, 5783039
List the prime factors of 573991027.
37, 15513271
What are the prime factors of 811149239?
811149239
List the prime factors of 50382496.
2, 47, 139, 241
List the prime factors of 162940376.
2, 17, 271, 4421
What are the prime factors of 434485926?
2, 3, 7, 73, 47237
List the prime factors of 3783920221.
71, 1279, 41669
What are the prime factors of 1133579976?
2, 3, 19, 31, 80191
What are the prime factors of 4017872519?
4017872519
What are the prime factors of 270882984?
2, 3, 3307, 3413
List the prime factors of 2524455065.
5, 11, 4172653
What are the prime factors of 167707387?
617, 271811
List the prime factors of 177489702.
2, 3, 13, 758503
What are the prime factors of 114029969?
313, 364313
What are the prime factors of 273993416?
2, 34249177
List the prime factors of 6558408023.
1663, 3943721
What are the prime factors of 426464142?
2, 3, 13, 17, 321617
What are the prime factors of 239927772?
2, 3, 7, 2856283
What are the prime factors of 1139292395?
5, 227858479
List the prime factors of 5986527420.
2, 3, 5, 29, 3440533
List the prime factors of 81968229.
3, 7, 185869
What are the prime factors of 538817349?
3, 7, 25657969
What are the prime factors of 4968015925?
5, 198720637
What are the prime factors of 6414755899?
6414755899
What are the prime factors of 1801207839?
3, 197, 3047729
List the prime factors of 34776241.
41, 848201
What are the prime factors of 558607772?
2, 2609, 53527
What are the prime factors of 921371651?
23, 2017, 19861
List the prime factors of 288593594.
2, 1153, 125149
What are the prime factors of 468884137?
468884137
What are the prime factors of 719874231?
3, 17, 47, 300323
List the prime factors of 1844560764.
2, 3, 51237799
What are the prime factors of 577272?
2, 3, 67, 359
List the prime factors of 183261429.
3, 13, 31, 50527
What are the prime factors of 771340684?
2, 192835171
What are the prime factors of 230934123?
3, 7, 43, 85247
List t